{"id":41,"date":"2018-05-24T08:00:07","date_gmt":"2018-05-24T14:00:07","guid":{"rendered":"http:\/\/www.sierra.org.mx\/nueva\/?page_id=41"},"modified":"2018-09-10T19:01:53","modified_gmt":"2018-09-11T01:01:53","slug":"aviso-de-privacidad","status":"publish","type":"page","link":"https:\/\/www.sierra.org.mx\/nueva\/aviso-de-privacidad\/","title":{"rendered":"Aviso de Privacidad"},"content":{"rendered":"<p><a href=\"https:\/\/www.sierra.org.mx\/nueva\/Avisodeprivacidad.pdf\" target=\"_blank\" rel=\"noopener\"><img loading=\"lazy\" class=\"Descargar alignright wp-image-619\" title=\"Descargar\" src=\"https:\/\/www.sierra.org.mx\/nueva\/wp-content\/uploads\/2018\/05\/pdf-icono.png\" alt=\"Descargar\" width=\"29\" height=\"31\" srcset=\"https:\/\/www.sierra.org.mx\/nueva\/wp-content\/uploads\/2018\/05\/pdf-icono.png 544w, https:\/\/www.sierra.org.mx\/nueva\/wp-content\/uploads\/2018\/05\/pdf-icono-281x300.png 281w\" sizes=\"(max-width: 29px) 100vw, 29px\" \/><\/a><\/p>\n<h2 style=\"text-align: center;\"><span style=\"color: #000080; font-family: arial, helvetica, sans-serif;\">AVISO DE PRIVACIDAD CLIENTE<\/span><\/h2>\n<div><span style=\"font-family: arial, helvetica, sans-serif;\"><span style=\"color: #000080;\">De conformidad en lo dispuesto por la Ley Federal de Protecci\u00f3n <\/span><span style=\"color: #000080;\">de Datos Personales en Posesi\u00f3n de los Particulares en <\/span><span style=\"color: #000080;\">adelante denominada como \u201cLa Ley\u201d, se\u00a0 emite el presente A<\/span><span style=\"color: #000080;\">viso de Privacidad en los siguientes t\u00e9rminos:<\/span><\/span><\/div>\n<h4><span style=\"color: #000080; font-family: arial, helvetica, sans-serif;\">RESPONSABLE DE LOS DATOS PERSONALES<\/span><\/h4>\n<div><span style=\"font-family: arial, helvetica, sans-serif;\"><span style=\"color: #000080;\">Para efectos del presente Aviso de Privacidad de \u201c<\/span><span style=\"color: #000080;\">Sierra Administraci\u00f3n de Inmuebles, S.A. de C.V.<\/span><span style=\"color: #000080;\">\u201d (en adelante SAI) con <\/span><span style=\"color: #000080;\">domicilio ubicado en Rinconada del Nardo 3418, Fraccionamiento R<\/span><span style=\"color: #000080;\">inconada Santa Rita, en Guadalajara, Jalisco, es el <\/span><span style=\"color: #000080;\">responsable de la obtenci\u00f3n divulgaci\u00f3n, almacenamiento, uso, <\/span><span style=\"color: #000080;\">manejo, aprovechamiento, transferencia y\/o disposici\u00f3n de los <\/span><span style=\"color: #000080;\">datos personales que recabe de sus Clientes (en adelante lo<\/span><span style=\"color: #000080;\">s \u201cTitulares\u201d).<\/span><\/span><\/div>\n<h4><span style=\"color: #000080; font-family: arial, helvetica, sans-serif;\">DATOS PERSONALES RECABADOS<\/span><\/h4>\n<div><span style=\"font-family: arial, helvetica, sans-serif;\"><span style=\"color: #000080;\">Los datos personales que el Responsable recaba de los Titulare<\/span><span style=\"color: #000080;\">s son de manera enunciativa mas no limitativa los siguientes: <\/span><span style=\"color: #000080;\">Nombre, domicilio particular, correo electr\u00f3nico, edad, fecha <\/span><span style=\"color: #000080;\">de nacimiento, sexo, estado civil, nacionalidad, tel\u00e9fono, <\/span><span style=\"color: #000080;\">ocupaci\u00f3n, RFC, datos laborales actuales, copia de la identificaci\u00f3<\/span><span style=\"color: #000080;\">n oficial con fotograf\u00eda, copia de comprobante de ingreso<\/span><span style=\"color: #000080;\">s, <\/span><span style=\"color: #000080;\">regencia bancarias, n\u00fameros de personas que dependan econ\u00f3m<\/span><span style=\"color: #000080;\">icamente de el. <\/span><span style=\"color: #000080;\">Sus datos personales son recabados de forma personal, v\u00eda corr<\/span><span style=\"color: #000080;\">eo electr\u00f3nico o mediante la entrega de los documentos que <\/span><span style=\"color: #000080;\">acrediten los datos antes mencionados. <\/span><\/span><\/div>\n<h4><span style=\"color: #000080; font-family: arial, helvetica, sans-serif;\">POLITICAS DE DATOS SENSIBLES<\/span><\/h4>\n<div><span style=\"font-family: arial, helvetica, sans-serif;\"><span style=\"color: #000080;\">El Responsable por pol\u00edtica no solicita ninguna informaci\u00f3n que <\/span><span style=\"color: #000080;\">bajo la Ley se entiende como datos sensibles tales como: <\/span><span style=\"color: #000080;\">religi\u00f3n, presencias sexuales, opiniones pol\u00edticas, entre otr<\/span><span style=\"color: #000080;\">os. La Empresa proh\u00edbe cualquier acto discriminatorio o la so<\/span><span style=\"color: #000080;\">licitud <\/span><span style=\"color: #000080;\">de cualquier informaci\u00f3n que pudiese implicar un acto discrimi<\/span><span style=\"color: #000080;\">natorio. En caso de que usted proporcione datos sensibles La <\/span><span style=\"color: #000080;\">Empresa los tratar\u00e1 y salvaguardar\u00e1 en t\u00e9rminos de la Ley.<\/span><\/span><\/div>\n<div><span style=\"color: #000080; font-family: arial, helvetica, sans-serif;\">\u00a0<\/span><\/div>\n<h4><span style=\"color: #000080; font-family: arial, helvetica, sans-serif;\">FINALIDAD DEL TRATAMIENTO DE LOS DATOS PERSONALES<\/span><\/h4>\n<div><span style=\"font-family: arial, helvetica, sans-serif;\"><span style=\"color: #000080;\">Los datos que recabados tienen como finalidad (i) elaboraci\u00f3n <\/span><span style=\"color: #000080;\">de un contrato de prestaci\u00f3n de servicios entre el Responsabl<\/span><span style=\"color: #000080;\">e <\/span><span style=\"color: #000080;\">y el Cliente para establecer los t\u00e9rminos y condiciones sobre <\/span><span style=\"color: #000080;\">la promoci\u00f3n del inmueble propiedad del Cliente (ii) para la <\/span><span style=\"color: #000080;\">preparaci\u00f3n de contratos de arrendamiento, promesas de comp<\/span><span style=\"color: #000080;\">ra-venta, compra-venta, traspaso, proyectos de inversi\u00f3n <\/span><span style=\"color: #000080;\">sobre inmuebles administrados por el Responsable (iii) para r<\/span><span style=\"color: #000080;\">ealizar cualquier gesti\u00f3n que permita confirmar la situaci\u00f3n <\/span><span style=\"color: #000080;\">legal <\/span><span style=\"color: #000080;\">del inmueble administrado por el Responsable (iv) para coord<\/span><span style=\"color: #000080;\">inar citas con Prospectos en el domicilio del inmueble propie<\/span><span style=\"color: #000080;\">dad <\/span><span style=\"color: #000080;\">del Cliente y administrado por el Responsable (v) para inte<\/span><span style=\"color: #000080;\">rcambiar informaci\u00f3n y propuestas entre el Prospecto y el Cliente <\/span><span style=\"color: #000080;\">relacionadas con el inmueble administrado por el Responsable (<\/span><span style=\"color: #000080;\">vi) para investigar la integridad crediticia y legal del Cliente a <\/span><span style=\"color: #000080;\">la luz de la Ley de Extinci\u00f3n de dominio (vii) con la finalidad<\/span><\/span><\/div>\n<div><span style=\"font-family: arial, helvetica, sans-serif;\"><span style=\"color: #000080;\">de cerrar todo tipo de operaciones inmobiliarias entre el <\/span><span style=\"color: #000080;\">Prospecto y el Cliente.<\/span><\/span><\/div>\n<div><span style=\"font-family: arial, helvetica, sans-serif;\">\u00a0<\/span><\/div>\n<div><span style=\"font-family: arial, helvetica, sans-serif;\"><span style=\"color: #000080;\">De igual forma los datos personales recabados tambi\u00e9n podr\u00e1n <\/span><span style=\"color: #000080;\">ser usados para atender requerimientos legales de <\/span><span style=\"color: #000080;\">autoridades competentes. <\/span><\/span><\/div>\n<div><span style=\"font-family: arial, helvetica, sans-serif;\">\u00a0<\/span><\/div>\n<div><span style=\"font-family: arial, helvetica, sans-serif;\"><span style=\"color: #000080;\">SAI no es responsable de la veracidad ni la precisi\u00f3n de los da<\/span><span style=\"color: #000080;\">tos que usted les ha proporcionado, ni tampoco los ha <\/span><span style=\"color: #000080;\">verificado, sino que \u00fanicamente los recibe, registra y conserva. <\/span><span style=\"color: #000080;\">As\u00ed mismo, usted declara y confirma que cuenta con el <\/span><span style=\"color: #000080;\">consentimiento expreso de aquellas personas de las cuales tamb<\/span><span style=\"color: #000080;\">i\u00e9n proporciona informaci\u00f3n personal, como los son, <\/span><span style=\"color: #000080;\">ejemplificativamente, c\u00f3nyuge, concubina(o), dependientes econ<\/span><span style=\"color: #000080;\">\u00f3micos, parientes, referencias profesionales, etc.<\/span><\/span><\/div>\n<div><span style=\"color: #000080; font-family: arial, helvetica, sans-serif;\">\u00a0<\/span><\/div>\n<h4><span style=\"color: #000080; font-family: arial, helvetica, sans-serif;\">EXCEPCIONES<\/span><\/h4>\n<div><span style=\"font-family: arial, helvetica, sans-serif;\"><span style=\"color: #000080;\">Cabe se\u00f1alar que de conformidad con la Ley existen supuestos <\/span><span style=\"color: #000080;\">en los cuales su consentimiento no es necesario para el <\/span><span style=\"color: #000080;\">tratamiento de sus datos personales, y por ello la ausencia del <\/span><span style=\"color: #000080;\">mismo o su negativa en su caso, no impide ni impedir\u00e1 que <\/span><span style=\"color: #000080;\">la <\/span><span style=\"color: #000080;\">Empresa los trate (sus datos personales) en los t\u00e9rminos de la <\/span><span style=\"color: #000080;\">Ley y dem\u00e1s regulaciones que resulten aplicables.<\/span><\/span><\/div>\n<div class=\"canvasWrapper\"><span style=\"color: #000080; font-family: arial, helvetica, sans-serif;\">\u00a0<\/span><\/div>\n<h4><span style=\"font-family: arial, helvetica, sans-serif;\"><span style=\"color: #000080;\">OPCIONES Y MEDIOS QUE L RESPONSABLE OFRECE A LOS TITUL<\/span><span style=\"color: #000080;\">ARES PARA LIMITAR EL USO O <\/span><span style=\"color: #000080;\">DIVULGACION DE LOS DATOS PERSONALES<\/span><\/span><\/h4>\n<div><span style=\"font-family: arial, helvetica, sans-serif;\"><span style=\"color: #000080;\">Los datos personales de los Titulares, ser\u00e1n tratados bajo la m\u00e1<\/span><span style=\"color: #000080;\">s estricta confidencialidad, cuidando las medidas de <\/span><span style=\"color: #000080;\">seguridad administrativas, f\u00edsicas y t\u00e9cnicas que el Responsable i<\/span><span style=\"color: #000080;\">mplemente en su pol\u00edticas y procedimientos de seguridad <\/span><span style=\"color: #000080;\">internos evitando la posible divulgaci\u00f3n ilicita de datos y limitando <\/span><span style=\"color: #000080;\">su uso a lo establecido en el presente Aviso de Privacidad.<\/span><\/span><\/div>\n<div><span style=\"color: #000080; font-family: arial, helvetica, sans-serif;\">\u00a0<\/span><\/div>\n<h4><span style=\"color: #000080; font-family: arial, helvetica, sans-serif;\">MEDIOS PARA EJERCER LOS DERECHOS DEL TITULAR<\/span><\/h4>\n<div><span style=\"font-family: arial, helvetica, sans-serif;\"><span style=\"color: #000080;\">En cualquier momento usted o su representante legal debidam<\/span><span style=\"color: #000080;\">ente acreditado, podr\u00e1n ejercer los derechos de Acceso, <\/span><span style=\"color: #000080;\">Rectificaci\u00f3n cuando consideren que son err\u00f3neos o inexactos. Ca<\/span><span style=\"color: #000080;\">ncelaci\u00f3n en caso de que considere que los datos no son <\/span><span style=\"color: #000080;\">tratados de forma adecuada y Oposici\u00f3n en caso de que no q<\/span><span style=\"color: #000080;\">uiera que sus datos sean tratados para finalidades especificas. <\/span><span style=\"color: #000080;\">El ejercicio de uno de ellos no impide el ejerci\u00f3 del otro y <\/span><span style=\"color: #000080;\">ninguno es presupuesto para el ejercicio de otro.<\/span><\/span><\/div>\n<div><span style=\"font-family: arial, helvetica, sans-serif;\">\u00a0<\/span><\/div>\n<div><span style=\"font-family: arial, helvetica, sans-serif;\"><span style=\"color: #000080;\">Para ejercer sus derechos ARCO, deber\u00e1 presentar su solicitud <\/span><span style=\"color: #000080;\">en nuestro domicilio ubicado Rinconada del Nardo 3418, <\/span><span style=\"color: #000080;\">Fraccionamiento Rinconada Santa Rita, en Guadalajara, Jalisco <\/span><span style=\"color: #000080;\">o enviarla a nuestro departamento de datos personales al <\/span><span style=\"color: #000080;\">correo electr\u00f3nico jmsierrav@sierra.org.mx, con atenci\u00f3n al <\/span><span style=\"color: #000080;\">departamento de protecci\u00f3n de datos. <\/span><span style=\"color: #000080;\">La solicitud deber\u00e1 contener los siguientes datos: (i) Nom<\/span><span style=\"color: #000080;\">bre del titular, (ii) domicilio y direcci\u00f3n de correo electr\u00f3nico par<\/span><span style=\"color: #000080;\">a <\/span><span style=\"color: #000080;\">notificarle la respuesta a su solicitud, (iii) una descripci\u00f3n clara <\/span><span style=\"color: #000080;\">y precisa de los datos respecto de los cuales se busca ejercer <\/span><span style=\"color: #000080;\">el derecho correspondiente, (iv) el objeto de la solicitud, (v<\/span><span style=\"color: #000080;\">) cualquier elemento que facilite la localizaci\u00f3n de los da<\/span><span style=\"color: #000080;\">tos, y se <\/span><span style=\"color: #000080;\">deber\u00e1 anexar copia de su identificaci\u00f3n, y en su caso el do<\/span><span style=\"color: #000080;\">cumento el cual se acredite la representaci\u00f3n legal.<\/span><\/span><\/div>\n<div><span style=\"font-family: arial, helvetica, sans-serif;\">\u00a0<\/span><\/div>\n<div><span style=\"font-family: arial, helvetica, sans-serif;\"><span style=\"color: #000080;\">El plazo de respuesta de su solicitud ser\u00e1 de 20 d\u00edas h\u00e1biles, con<\/span><span style=\"color: #000080;\">tados a partir del d\u00eda en que se recibi\u00f3 la solicitud de <\/span><span style=\"color: #000080;\">acceso, rectificaci\u00f3n, cancelaci\u00f3n y oposici\u00f3n correspondiente. La r<\/span><span style=\"color: #000080;\">espuesta le ser\u00e1 comunicada dentro del plazo antes <\/span><span style=\"color: #000080;\">mencionado a la direcci\u00f3n de correo electr\u00f3nico que proporciono <\/span><span style=\"color: #000080;\">en su solicitud o enviando carta al domicilio proporcionado <\/span><span style=\"color: #000080;\">en la misma. Una vez recibida dicha notificaci\u00f3n tendr\u00e1 un p<\/span><span style=\"color: #000080;\">lazo de 15 d\u00edas h\u00e1biles para hacerla efectiva en caso de ser<\/span><\/span><\/div>\n<div><span style=\"color: #000080; font-family: arial, helvetica, sans-serif;\">procedente.<\/span><\/div>\n<div><span style=\"font-family: arial, helvetica, sans-serif;\">\u00a0<\/span><\/div>\n<div><span style=\"font-family: arial, helvetica, sans-serif;\"><span style=\"color: #000080;\">En cualquier momento podr\u00e1 revocar el consentimiento que n<\/span><span style=\"color: #000080;\">os ha otorgado para el tratamiento de sus datos personales <\/span><span style=\"color: #000080;\">de <\/span><span style=\"color: #000080;\">tal forma que dejamos hacer uso de los mismos. Para ello d<\/span><span style=\"color: #000080;\">eber\u00e1 presentar una solicitud en los t\u00e9rminos mencionados par<\/span><span style=\"color: #000080;\">a el <\/span><span style=\"color: #000080;\">ejercicio de los derechos ARCO. El procedimiento a seguir ser\u00e1 e<\/span><span style=\"color: #000080;\">l mismo que el previsto para el ejercicio de los derechos <\/span><span style=\"color: #000080;\">ARCO. EN caso de ser procedente su solicitud sus datos dejaran d<\/span><span style=\"color: #000080;\">e ser tratados por SAI.<\/span><\/span><\/div>\n<h4><span style=\"color: #000080; font-family: arial, helvetica, sans-serif;\">TRANSFERENCIA DE DATOS<\/span><\/h4>\n<div><span style=\"font-family: arial, helvetica, sans-serif;\"><span style=\"color: #000080;\">1. Sus datos personales podr\u00e1n ser transferidos a terceros nacio<\/span><span style=\"color: #000080;\">nales o extranjeros en caso de ser necesario para el <\/span><span style=\"color: #000080;\">cumplimiento de las obligaciones contra\u00eddas en raz\u00f3n de la relac<\/span><span style=\"color: #000080;\">i\u00f3n laboral con el responsable, en t\u00e9rminos de la fracci\u00f3n V<\/span><span style=\"color: #000080;\">II <\/span><span style=\"color: #000080;\">del art\u00edculo 37 de la Ley.<\/span><\/span><\/div>\n<div><span style=\"font-family: arial, helvetica, sans-serif;\">\u00a0<\/span><\/div>\n<div><span style=\"font-family: arial, helvetica, sans-serif;\"><span style=\"color: #000080;\">Es importante hacer de su conocimiento, que cualquier terc<\/span><span style=\"color: #000080;\">ero que en raz\u00f3n de transferencias realizadas por SAI qu<\/span><span style=\"color: #000080;\">e reciba <\/span><span style=\"color: #000080;\">sus datos personales tendr\u00e1 las mismas obligaciones y responsabilid<\/span><span style=\"color: #000080;\">ades que nosotros como Responsable de sus datos, y <\/span><span style=\"color: #000080;\">que el presente Aviso de Privacidad le ser\u00e1 comunicado a dicho <\/span><span style=\"color: #000080;\">tercero.<\/span><\/span><\/div>\n<h4><span style=\"color: #000080; font-family: arial, helvetica, sans-serif;\">CAMBIOS AL AVISO DE PRIVACIDAD<\/span><\/h4>\n<div><span style=\"font-family: arial, helvetica, sans-serif;\"><span style=\"color: #000080;\">Cualquier cambio al presente Aviso de Privacidad, le ser\u00e1 inform<\/span><span style=\"color: #000080;\">ado a trav\u00e9s de los siguientes medios:<\/span><\/span><\/div>\n<div><span style=\"font-family: arial, helvetica, sans-serif;\">\u00a0<\/span><\/div>\n<div><span style=\"font-family: arial, helvetica, sans-serif;\"><span style=\"color: #000080;\">1. Mediante Correo electr\u00f3nico que personalmente le envie<\/span><span style=\"color: #000080;\">mos.<\/span><\/span><\/div>\n<div><span style=\"font-family: arial, helvetica, sans-serif;\"><span style=\"color: #000080;\">2. <\/span><span style=\"color: #000080;\">Y mediante anuncios en el lugar visible del \u00e1rea de oper<\/span><span style=\"color: #000080;\">ativa del Responsable.<\/span><\/span><\/div>\n<div><span style=\"font-family: arial, helvetica, sans-serif;\">\u00a0<\/span><\/div>\n<div><span style=\"font-family: arial, helvetica, sans-serif;\"><span style=\"color: #000080;\">De igual manera, se le informa a los Titulares, que el Aviso d<\/span><span style=\"color: #000080;\">e Privacidad podr\u00e1 ser modificado en cualquier momento con la <\/span><span style=\"color: #000080;\">finalidad de atender novedades legislativas, as\u00ed como modificaci\u00f3n <\/span><span style=\"color: #000080;\">de pol\u00edticas internas de SAI.<\/span><\/span><\/div>\n<div><span style=\"font-family: arial, helvetica, sans-serif;\">\u00a0<\/span><\/div>\n<div><span style=\"font-family: arial, helvetica, sans-serif;\"><span style=\"color: #000080;\">Si se llegaren a modificar las finalidades para las cuales se trat<\/span><span style=\"color: #000080;\">an sus datos personales, en caso de ser necesario se solicitar\u00e1 <\/span><span style=\"color: #000080;\">de nuevo su consentimiento ya se expreso o t\u00e1cito atendiend<\/span><span style=\"color: #000080;\">o al caso particular.<\/span><\/span><\/div>\n<p><a href=\"https:\/\/www.sierra.org.mx\/nueva\/Avisodeprivacidad.pdf\" target=\"_blank\" rel=\"noopener\"><img loading=\"lazy\" class=\"alignright wp-image-619\" title=\"Descargar\" src=\"https:\/\/www.sierra.org.mx\/nueva\/wp-content\/uploads\/2018\/05\/pdf-icono.png\" alt=\"Descargar\" width=\"29\" height=\"31\" srcset=\"https:\/\/www.sierra.org.mx\/nueva\/wp-content\/uploads\/2018\/05\/pdf-icono.png 544w, https:\/\/www.sierra.org.mx\/nueva\/wp-content\/uploads\/2018\/05\/pdf-icono-281x300.png 281w\" sizes=\"(max-width: 29px) 100vw, 29px\" \/><\/a><\/p>\n","protected":false},"excerpt":{"rendered":"<p>AVISO DE PRIVACIDAD CLIENTE De conformidad en lo dispuesto por la Ley Federal de Protecci\u00f3n de Datos Personales en Posesi\u00f3n de los Particulares en adelante denominada como \u201cLa Ley\u201d, se\u00a0 emite el presente Aviso de Privacidad en los siguientes t\u00e9rminos: RESPONSABLE DE LOS DATOS PERSONALES Para efectos del presente Aviso de Privacidad de \u201cSierra Administraci\u00f3n [&hellip;]<\/p>\n","protected":false},"author":1,"featured_media":0,"parent":0,"menu_order":0,"comment_status":"closed","ping_status":"closed","template":"template-full-width.php","meta":[],"_links":{"self":[{"href":"https:\/\/www.sierra.org.mx\/nueva\/wp-json\/wp\/v2\/pages\/41"}],"collection":[{"href":"https:\/\/www.sierra.org.mx\/nueva\/wp-json\/wp\/v2\/pages"}],"about":[{"href":"https:\/\/www.sierra.org.mx\/nueva\/wp-json\/wp\/v2\/types\/page"}],"author":[{"embeddable":true,"href":"https:\/\/www.sierra.org.mx\/nueva\/wp-json\/wp\/v2\/users\/1"}],"replies":[{"embeddable":true,"href":"https:\/\/www.sierra.org.mx\/nueva\/wp-json\/wp\/v2\/comments?post=41"}],"version-history":[{"count":15,"href":"https:\/\/www.sierra.org.mx\/nueva\/wp-json\/wp\/v2\/pages\/41\/revisions"}],"predecessor-version":[{"id":760,"href":"https:\/\/www.sierra.org.mx\/nueva\/wp-json\/wp\/v2\/pages\/41\/revisions\/760"}],"wp:attachment":[{"href":"https:\/\/www.sierra.org.mx\/nueva\/wp-json\/wp\/v2\/media?parent=41"}],"curies":[{"name":"wp","href":"https:\/\/api.w.org\/{rel}","templated":true}]}}