{"id":129,"date":"2018-06-12T07:14:23","date_gmt":"2018-06-12T13:14:23","guid":{"rendered":"http:\/\/www.sierra.org.mx\/nueva\/?page_id=129"},"modified":"2025-08-14T10:59:02","modified_gmt":"2025-08-14T16:59:02","slug":"inicio","status":"publish","type":"page","link":"https:\/\/www.sierra.org.mx\/nueva\/","title":{"rendered":""},"content":{"rendered":"<p><center><\/p>\n<table class=\"divjm\" width=\"1200\" background=\"https:\/\/www.sierra.org.mx\/nueva\/wp-content\/uploads\/2018\/08\/collage.jpg\" align=\"center\">\n<tbody>\n<tr>\n<td>\n<p class=\"par\">&nbsp;<\/p>\n<p class=\"par\">&nbsp;<\/p>\n<p class=\"par\">&nbsp;<\/p>\n<p class=\"par\">&nbsp;<\/p>\n<p class=\"par\">&nbsp;<\/p>\n<p class=\"par\">&nbsp;<\/p>\n<p class=\"par\" style=\"line-height: 80%\">&nbsp;<\/p>\n<p><a href=\"https:\/\/www.sierra.org.mx\/nueva\/administracion\/\"><span class=\"boton3\"><img loading=\"lazy\" class=\"imghome\" src=\"https:\/\/www.sierra.org.mx\/nueva\/wp-content\/uploads\/2018\/08\/icoAdm.png\" alt=\"\" width=\"50\" height=\"50\" align=\"left\">&nbsp;&nbsp;<span class=\"txthom\">Administraci\u00f3n inmuebles<\/span><\/span><\/a><\/p>\n<p><a href=\"https:\/\/www.sierra.org.mx\/nueva\/nuestras-propiedades\/\"><span class=\"boton4\" style=\"text-align: right;\"><img loading=\"lazy\" class=\"imghome\" src=\"https:\/\/www.sierra.org.mx\/nueva\/wp-content\/uploads\/2018\/08\/icoComer.png\" alt=\"\" width=\"50\" height=\"50\" align=\"right\">&nbsp;&nbsp;<span class=\"txthom\">Comercializaci\u00f3n propiedades<\/span>&nbsp;&nbsp;&nbsp;<\/span><\/a><\/p>\n<p class=\"par\">&nbsp;<\/p>\n<p class=\"par\">&nbsp;<\/p>\n<p class=\"par\">&nbsp;<\/p>\n<p class=\"par\">&nbsp;<\/p>\n<p class=\"par\">&nbsp;<\/p>\n<\/td>\n<\/tr>\n<\/tbody>\n<\/table>\n<p style=\"line-height: 1.2; font-size: 1em;\" align=\"center\">Santa Mar\u00eda 3015, Vallarta Norte,<br \/>\nGuadalajara, Jalisco. M\u00e9xico CP 44602.<br \/>\nTel\u00e9fono (33) 36405000<\/p>\n<p><\/center><\/p>\n","protected":false},"excerpt":{"rendered":"<p>&nbsp; &nbsp; &nbsp; &nbsp; &nbsp; &nbsp; &nbsp; &nbsp;&nbsp;Administraci\u00f3n inmuebles &nbsp;&nbsp;Comercializaci\u00f3n propiedades&nbsp;&nbsp;&nbsp; &nbsp; &nbsp; &nbsp; &nbsp; &nbsp; Santa Mar\u00eda 3015, Vallarta Norte, Guadalajara, Jalisco. M\u00e9xico CP 44602. Tel\u00e9fono (33) 36405000<\/p>\n","protected":false},"author":1,"featured_media":0,"parent":0,"menu_order":0,"comment_status":"closed","ping_status":"closed","template":"template-full-width.php","meta":[],"_links":{"self":[{"href":"https:\/\/www.sierra.org.mx\/nueva\/wp-json\/wp\/v2\/pages\/129"}],"collection":[{"href":"https:\/\/www.sierra.org.mx\/nueva\/wp-json\/wp\/v2\/pages"}],"about":[{"href":"https:\/\/www.sierra.org.mx\/nueva\/wp-json\/wp\/v2\/types\/page"}],"author":[{"embeddable":true,"href":"https:\/\/www.sierra.org.mx\/nueva\/wp-json\/wp\/v2\/users\/1"}],"replies":[{"embeddable":true,"href":"https:\/\/www.sierra.org.mx\/nueva\/wp-json\/wp\/v2\/comments?post=129"}],"version-history":[{"count":186,"href":"https:\/\/www.sierra.org.mx\/nueva\/wp-json\/wp\/v2\/pages\/129\/revisions"}],"predecessor-version":[{"id":972,"href":"https:\/\/www.sierra.org.mx\/nueva\/wp-json\/wp\/v2\/pages\/129\/revisions\/972"}],"wp:attachment":[{"href":"https:\/\/www.sierra.org.mx\/nueva\/wp-json\/wp\/v2\/media?parent=129"}],"curies":[{"name":"wp","href":"https:\/\/api.w.org\/{rel}","templated":true}]}}